2202010220
2aaa (base 16) to base 6
122322
Convert 1301024304 (base 5) to base 6.
151204222
What is -400053015 (base 6) in base 8?
-31517743
Convert 388683 (base 10) to base 7.
3206121
-1d2840 (base 15) to base 3
-2200110020220
Convert -22b5564 (base 13) to base 6.
-1021452115
What is 142303112 (base 6) in base 16?
2c8154
1210230010 (base 4) to base 9
687654
Convert 10312413 (base 7) to base 10.
877257
Convert 9412 (base 14) to base 15.
784b
Convert 44004401 (base 6) to base 9.
2412341
-1747810 (base 10) to base 3
-10021210112201
What is -266a (base 16) in base 12?
-5836
What is -203231112 (base 4) in base 8?
-435526
What is 1232321032 (base 4) in base 14?
bb766
-1001101010010101110010 (base 2) to base 5
-1122021342
113301121 (base 4) to base 5
11103434
What is 12010001100 (base 3) in base 7?
566256
-14004114 (base 6) to base 2
-1110010001000001110
Convert -233040231 (base 6) to base 5.
-2103004113
-22211445 (base 6) to base 5
-132423141
Convert d4491 (base 15) to base 8.
2441625
-2210023 (base 5) to base 16
-94fa
-25602741 (base 8) to base 7
-66322136
421212 (base 10) to base 12
183910
What is 5b28 (base 16) in base 2?
101101100101000
What is -33baba (base 13) in base 12?
-4b12b0
-11001011000111001001 (base 2) to base 3
-1120021012210
What is 162056 (base 7) in base 4?
13303010
Convert 323070 (base 15) to base 11.
1392389
-25304055 (base 7) to base 10
-2287164
-640346 (base 9) to base 6
-12055023
21020202211 (base 3) to base 11
98253
What is -76586 (base 9) in base 13?
-1a166
What is 30509 (base 12) in base 16?
f5d9
Convert 2312031310 (base 4) to base 16.
b6374
Convert 1500537 (base 9) to base 4.
3021323311
1001211100 (base 4) to base 8
1014520
Convert -2239fb (base 16) to base 7.
-25031361
56b96c (base 13) to base 9
3770017
What is 10001102101 (base 3) in base 4?
32222311
Convert 90b7e (base 16) to base 6.
20412142
40371 (base 13) to base 10
114843
What is 24232465 (base 7) in base 3?
11001201011211
64303 (base 12) to base 14
36039
What is -6500 (base 16) in base 9?
-38418
10003003022 (base 4) to base 5
232423231
What is 21675 (base 14) in base 11?
55825
Convert 720042 (base 8) to base 7.
2006501
Convert -3c954a (base 13) to base 4.
-11220222223
8192 (base 11) to base 16
2a76
Convert -393605 (base 11) to base 5.
-124312041
35a622 (base 14) to base 4
12333303112
13212113333 (base 4) to base 5
1002222231
What is 7189f7 (base 16) in base 4?
130120213313
What is 852983 (base 10) in base 11?
53294a
-240541200 (base 6) to base 15
-5e53a3
Convert -772c5 (base 14) to base 10.
-288685
What is -101202201122 (base 4) in base 3?
-22122121001202
221082 (base 10) to base 16
35f9a
Convert a1dc (base 15) to base 8.
102606
What is 261630 (base 8) in base 12?
44820
-31020040 (base 5) to base 8
-752606
Convert -44010330 (base 5) to base 4.
-1123232203
-2524358 (base 9) to base 11
-859720
Convert -11303123234 (base 5) to base 13.
-28b1ba0
Convert 11001101010110100010100 (base 2) to base 5.
3210311410
Convert -110011021211121 (base 3) to base 14.
-c02c09
Convert -120533 (base 8) to base 13.
-15a56
552115 (base 9) to base 11
2056aa
Convert 2484bb (base 12) to base 9.
1106348
What is 152248 (base 9) in base 16?
16d4e
10540770 (base 9) to base 13
1099881
Convert -13b7b (base 16) to base 7.
-454314
-d6540 (base 15) to base 13
-1aa40b
-220022022201021 (base 3) to base 4
-301101322000
Convert -10125011 (base 6) to base 10.
-291391
-24613 (base 15) to base 2
-11100010110010110
Convert -101110010011101100111 (base 2) to base 16.
-172767
What is -23015754 (base 8) in base 10?
-4987884
Convert 11001010001000110100 (base 2) to base 4.
3022020310
10542301 (base 6) to base 5
40341131
1468627 (base 9) to base 6
25233254
Convert 1010101010000100 (base 2) to base 7.
241160
What is -13b126a (base 15) in base 14?
-1c659a6
Convert -15554306 (base 7) to base 10.
-1509353
Convert -1324223054 (base 6) to base 15.
-15dab11
430037 (base 8) to base 14
3a383
What is 213626 (base 12) in base 14?
d91ca
What is -7c13a5 (base 13) in base 10?
-2944622
111000010001010 (base 2) to base 5
1410220
What is -723043 (base 8) in base 4?
-322120203
What is 380d (base 16) in base 4?
3200031
What is 316337 (base 8) in base 5?
11340240
What is -531121 (base 6) in base 2?
-1010100000011001
Convert 18559 (base 10) to base 7.
105052
Convert -3011203110 (base 4) to base 3.
-1112002222100
2021112022 (base 5) to base 11
2338a74
5961576 (base 11) to base 14
1549081
22322040 (base 6) to base 3
1021112011220
-1020000001 (base 4) to base 8
-1100001
Convert -912961 (base 13) to base 12.
-1169994
-36416 (base 8) to base 5
-1000010
-55d8 (base 16) to base 13
-a006
What is -1110111101001101010 (base 2) in base 11?
-305237
Convert -222124302 (base 5) to base 11.
-605614
Convert 23040 (base 13) to base 14.
19349
-202656 (base 8) to base 13
-24651
Convert -4411618 (base 10) to base 2.
-10000110101000011100010
What is -6987c (base 13) in base 14?
-5028a
Convert -42334 (base 11) to base 12.
-2b7b6
Convert 22125114 (base 6) to base 9.
1222681
Convert 2302330032 (base 4) to base 13.
1c87c2
Convert 4512 (base 11) to base 4.
1130312
-20026 (base 12) to base 3
-2002221010
20733543 (base 8) to base 6
235041351
Convert 11226733 (base 10) to base 9.
23111157
What is -2201102020010 (base 3) in base 14?
-298895
31273826 (base 9) to base 7
241620324
1b2d3 (base 15) to base 12
431a6
Convert -72831 (base 14) to base 15.
-56bab
545424 (base 7) to base 13
34665
Convert -12321011032 (base 4) to base 5.
-430303140
What is -36664628 (base 9) in base 13?
-393c31a
-11b8 (base 16) to base 8
-10670
Convert -1011111101010001110000 (base 2) to base 15.
-41db6b
Convert -2300414 (base 5) to base 3.
-2001212200
What is 22013412 (base 5) in base 14?
4ca3d
-666316 (base 10) to base 2
-10100010101011001100
Convert -10102022012 (base 3) to base 4.
-100123121
Convert 117985 (base 16) to base 13.
31135c
-7814108 (base 9) to base 7
-50500601
-3421032444 (base 5) to base 14
-101a315
Convert 14112312 (base 5) to base 3.
21100111112
Convert -252bb1 (base 12) to base 10.
-606517
What is 40130432 (base 5) in base 11?
1a76a3
What is 424123 (base 6) in base 10?
34611
What is 1110101111110011101 (base 2) in base 5?
110430404
What is -612868 (base 9) in base 4?
-1120220033
What is -25456211 (base 7) in base 8?
-10654670
What is -67203 (base 11) in base 16?
-17c80
1939f (base 16) to base 5
11301302
Convert -12463402 (base 10) to base 2.
-101111100010110100101010
What is 4137 (base 13) in base 5?
242003
What is 65c9bb (base 13) in base 7?
26250003
Convert 2c370 (base 16) to base 15.
389d9
What is 10100222222 (base 3) in base 10?
66338
Convert -748090 (base 11) to base 12.
-498624
Convert 3baa043 (base 12) to base 5.
11022413140
-9a6d5 (base 14) to base 5
-43441142
Convert 1000010110000010001 (base 2) to base 9.
456055
Convert -360cc (base 13) to base 8.
-301331
What is -11041343 (base 6) in base 7?
-2552205
Convert -242986 (base 12) to base 7.
-4655613
380962 (base 11) to base 6
20520234
What is -10101010010011100011 (base 2) in base 3?
-1022102212222
22710 (base 12) to base 15
d933
What is -6a29321 (base 11) in base 6?
-1115122523
What is 3c914d (base 14) in base 2?
1000000000100011100001
Convert -32a682 (base 11) to base 8.
-2004341
Convert -aa538 (base 11) to base 5.
-20112431
What is 1010101010110100010 (base 2) in base 5?
42141402
-43285 (base 13) to base 14
-322b0
5125256 (base 10) to base 13
10a5ac6
What is 221221001001 (base 3) in base 2?
1111100100101111000
-d9182 (base 14) to base 15
-a55ae
134432 (base 7) to base 5
1304401
What is 4b5ad (base 15) in base 13?
8586a
Convert -10010000110010011100111 (base 2) to base 13.
-ca1668
3828604 (base 9) to base 10
2086159
Convert -2721411 (base 9) to base 5.
-340143120
What is 11011010020022 (base 3) in base 10?
2206853
-20100030 (base 4) to base 14
-c468
Convert 100101000100111110010 (base 2) to base 9.
2251547
Convert 96607 (base 11) to base 12.
69374
What is 4014541 (base 7) in base 11?
2a4674
What is 1001110010101010101 (base 2) in base 11?
1aa075
Convert 1351a47 (base 11) to base 6.
121541223
What is -7681128 (base 10) in base 11?
-4376a44
1344044214 (base 5) to base 10
3503059
What is 530542 (base 6) in base 3?
2011221122
Convert e3549 (base 15) to base 4.
2233303011
Convert 2026032 (base 9) to base 6.
3505